{"id":2746,"date":"2026-03-04T11:19:34","date_gmt":"2026-03-04T08:19:34","guid":{"rendered":"https:\/\/bigg.ktu.edu.tr\/?page_id=2746"},"modified":"2026-03-05T20:39:10","modified_gmt":"2026-03-05T17:39:10","slug":"brizy-2746","status":"publish","type":"page","link":"https:\/\/bigg.ktu.edu.tr\/?page_id=2746","title":{"rendered":"Brizy #2746"},"content":{"rendered":"<div class=\"brz-root__container brz-reset-all\">\n<section data-uid=\"maexgkfdmdnsbtetmyisjomciycwtufmjzvv\" id=\"maexgkfdmdnsbtetmyisjomciycwtufmjzvv\" class=\"brz-section brz-css-hshqj\">\n<div class=\"brz-section__content brz-section--boxed brz-css-rorur brz-css-yuqka\" data-custom-id=\"xmryznsdiyksovecktsbazfdxrvcjijxynvt\">\n<div class=\"brz-bg overflow-hidden absolute top-0 left-0 w-full h-full\">\n<div class=\"brz-bg-image absolute top-0 left-0 w-full h-full bg-no-repeat bg-cover\"><\/div>\n<\/div>\n<div class=\"brz-container brz-css-oemri\">\n<div class=\"brz-row__container brz-css-fvnmp\" data-custom-id=\"ktrwzdrskxiokfmwomcgxlqhtxwgewznmklb\">\n<div class=\"brz-bg overflow-hidden absolute top-0 left-0 w-full h-full\"><\/div>\n<div class=\"brz-row brz-css-xlplu brz-css-lgfat\">\n<div class=\"brz-columns brz-css-nuwuv brz-css-annri\" data-custom-id=\"ljdgygbehdrhryyxvbsikxuwafghqucevhsr\">\n<div class=\"brz-bg overflow-hidden absolute top-0 left-0 w-full h-full\"><\/div>\n<div class=\"brz-column__items brz-css-eyefw brz-css-csebl\">\n<div class=\"brz-css-uuanb brz-wrapper\">\n<div class=\"brz-rich-text brz-rich-text__custom brz-css-oeiar\" data-custom-id=\"ehbbodzbfltflkjidgsvbwvoyhddzhlnqmhl\">\n<div>\n<p class=\"brz-css-sdewi\" data-uniq-id=\"igues\" data-generated-css=\"brz-css-yiapx\"><span class=\"brz-cp-color7\">KTU TTM<\/span><\/p>\n<\/div>\n<\/div>\n<\/div>\n<div class=\"brz-css-uuanb brz-wrapper\">\n<div class=\"brz-rich-text brz-rich-text__custom brz-css-oeiar\" data-custom-id=\"bbqdbsjlkuedegbbjdzenwlkmxshbdsbrnmw\">\n<div>\n<h1 class=\"brz-css-ldtto\" data-uniq-id=\"nlgoj\" data-generated-css=\"brz-css-uelkd\"><span class=\"brz-cp-color2\">Ba\u015fvuru Klavuzu<\/span><\/h1>\n<\/div>\n<\/div>\n<\/div>\n<div class=\"brz-css-uuanb brz-wrapper\">\n<div class=\"brz-rich-text brz-rich-text__custom brz-css-oeiar\" data-custom-id=\"jzneeelwfdtxxgydxgtwdabudubcvaxgdwdk\">\n<div>\n<p class=\"brz-css-shjsn\" data-uniq-id=\"rqtry\" data-generated-css=\"brz-css-iwofq\"><span class=\"brz-cp-color7\">B\u0130GG Uygulay\u0131c\u0131 Kurulu\u015fu<\/span><\/p>\n<\/div>\n<\/div>\n<\/div>\n<\/div>\n<\/div>\n<div class=\"brz-columns brz-css-nuwuv brz-css-hhhss\" data-custom-id=\"slaairsythlbdsluaaeopplixjjprmktsoeg\">\n<div class=\"brz-column__items brz-css-eyefw brz-css-jgakz\">\n<div class=\"brz-wrapper-clone brz-css-cluxv\">\n<div class=\"brz-d-xs-flex brz-flex-xs-wrap brz-css-zclwc\">\n<div class=\"brz-wrapper-clone__item brz-css-cpgki\" id=\"rsbvqihwicrclaskjcwfcnzgyxyvdixoiuyd\"><a class=\"brz-a brz-btn brz-css-ghmjj brz-css-kfljj\" href=\"https:\/\/eteydeb.tubitak.gov.tr\/\" target=\"_blank\" rel=\"noopener\" data-brz-link-type=\"external\" id data-custom-id=\"rsbvqihwicrclaskjcwfcnzgyxyvdixoiuyd\"><span class=\"brz-span brz-text__editor\">Learn How To Do It<\/span><\/a><\/div>\n<\/div>\n<\/div>\n<div class=\"brz-wrapper-clone brz-css-cluxv brz-css-oalhx\">\n<div class=\"brz-d-xs-flex brz-flex-xs-wrap brz-css-zclwc brz-css-wljch\">\n<div class=\"brz-wrapper-clone__item brz-css-cpgki\" id=\"adfnyzezlybakvsydwaazblmdszuyacvmelz\"><a class=\"brz-a brz-btn brz-css-ghmjj brz-css-pumwz\" href data-brz-link-type=\"external\" id data-custom-id=\"adfnyzezlybakvsydwaazblmdszuyacvmelz\"><span class=\"brz-span brz-text__editor\">\u015eimdi Ba\u015fvur<\/span><\/a><\/div>\n<\/div>\n<\/div>\n<\/div>\n<\/div>\n<\/div>\n<\/div>\n<div class=\"brz-css-uuanb brz-css-tgylu brz-wrapper\">\n<div class=\"brz-spacer brz-css-shbcy brz-css-vvxyn\"><\/div>\n<\/div>\n<div class=\"brz-css-uuanb brz-css-cbejt brz-wrapper\">\n<div class=\"brz-image brz-css-cnszh brz-css-evtup\">\n<div class=\"brz-picture brz-d-block brz-p-relative brz-css-ttdqv\" data-custom-id=\"csjdepghfrzqirametovisgppohtyvyivkip\">\n<div class=\"brz-shortcode__placeholder\">\n<\/div>\n<\/div>\n<\/div>\n<\/div>\n<\/div>\n<\/div>\n<\/section>\n<section data-uid=\"sijjvfuyvxvlflzakovczkvysyajihmffcjc\" id=\"sijjvfuyvxvlflzakovczkvysyajihmffcjc\" class=\"brz-section brz-css-hshqj\">\n<div class=\"brz-section__content brz-section--boxed brz-css-rorur brz-css-ivrgt\" data-custom-id=\"ljhdjusxlvfididluzrnpwqinhzpilthfxai\">\n<div class=\"brz-bg overflow-hidden absolute top-0 left-0 w-full h-full\">\n<div class=\"brz-bg-color absolute top-0 left-0 w-full h-full\"><\/div>\n<\/div>\n<div class=\"brz-container brz-css-oemri\">\n<div class=\"brz-row__container brz-css-fvnmp\" data-custom-id=\"sumczcszthzqredevifjpicmhzlygjmduibr\">\n<div class=\"brz-bg overflow-hidden absolute top-0 left-0 w-full h-full\"><\/div>\n<div class=\"brz-row brz-css-xlplu brz-css-lgfat\">\n<div class=\"brz-columns brz-css-nuwuv brz-css-bpsfe\" data-custom-id=\"zjjcdhckqlirxggfoephtyhiiexswwhgsggf\">\n<div class=\"brz-bg overflow-hidden absolute top-0 left-0 w-full h-full\"><\/div>\n<div class=\"brz-column__items brz-css-eyefw\">\n<div class=\"brz-css-uuanb brz-wrapper\">\n<div class=\"brz-icon-text brz-css-nyyln\" data-custom-id=\"vyhvjutbcdiizuqhucloamttgjgkfggqmsrc\">\n<div id class=\"brz-icon__container\" data-custom-id=\"pwkmksobcwkxvmdheuaxtrvtnkveqvnkgvdl\"><span class=\"brz-icon brz-span brz-css-wvaie brz-css-nbwdi\">    <\/span><\/div>\n<div class=\"brz-text-btn\">\n<div class=\"brz-rich-text brz-rich-text__custom brz-css-oeiar\" data-custom-id=\"pniyropsfaaxeotrhgygpjgijdpvfflvduyl\">\n<div>\n<h4 data-uniq-id=\"nefjd\" data-generated-css=\"brz-css-omtpz\" class=\"brz-css-eliyd\"><strong class=\"brz-cp-color2\">Bize ula\u015f\u0131n<\/strong><\/h4>\n<p class=\"brz-css-leucf\" data-uniq-id=\"szfru\" data-generated-css=\"brz-css-kqmbi\"><a href=\"mailto:bigg@ktu.edu.tr\"><em><span class=\"text-population\" data-population=\"brizy_dc_post_author_email\">bigg@ktu.edu.tr<\/span><\/em> <\/a><\/p>\n<\/div>\n<\/div>\n<\/div>\n<\/div>\n<\/div>\n<\/div>\n<\/div>\n<div class=\"brz-columns brz-css-nuwuv brz-css-onjfo\" data-custom-id=\"qeqbjlihvkqlgjdzsiftzhszbkqmlgcrzbus\">\n<div class=\"brz-bg overflow-hidden absolute top-0 left-0 w-full h-full\"><\/div>\n<div class=\"brz-column__items brz-css-eyefw\">\n<div class=\"brz-css-uuanb brz-wrapper\">\n<div class=\"brz-icon-text brz-css-nyyln\" data-custom-id=\"rnecynvjhjiatjsfzfbgvozuodyadzgwjfbh\">\n<div id class=\"brz-icon__container\" data-custom-id=\"pwxaurqsmekqcvvklqwxhhrurpsljixjsruy\"><span class=\"brz-icon brz-span brz-css-wvaie brz-css-eocst\">   <\/span><\/div>\n<div class=\"brz-text-btn\">\n<div class=\"brz-rich-text brz-rich-text__custom brz-css-oeiar\" data-custom-id=\"jelccauoxujxtejsdothvcjhnymddkxbpzug\">\n<div>\n<h4 class=\"brz-css-zgfos\" data-uniq-id=\"kscvv\" data-generated-css=\"brz-css-lznot\"><strong class=\"brz-cp-color2\">Adres<\/strong><\/h4>\n<p class=\"brz-css-exlbw\" data-uniq-id=\"mcmxh\" data-generated-css=\"brz-css-cwjrx\"><em class=\"brz-cp-color3\">Karadeniz Teknik \u00dcniversitesi Teknoloji Transferi Uygulama ve Ara\u015ft\u0131rma Merkezi, Milli Egemenlik Cad. 46B , Mimarl\u0131k Fak\u00fcltesi Zemin Kat,\u00a061080 TRABZON<\/em><em class=\"brz-cp-color3\"> <\/em><\/p>\n<p class=\"brz-css-sjoau\" data-uniq-id=\"xgsev\" data-generated-css=\"brz-css-dogbe\"><a href=\"https:\/\/vbettr.com.tr\/\" target=\"_blank\" class=\"link--external brz-cp-color8\" data-brz-link-type=\"external\" rel=\"noopener\">vbettr giri\u015f &#8211; <\/a><a href=\"https:\/\/kalebet34.net\/\" target=\"_blank\" class=\"link--external brz-cp-color8\" data-brz-link-type=\"external\" rel=\"noopener\">kalebet &#8211; <\/a><a href=\"https:\/\/1milosbet.com\" target=\"_blank\" class=\"link--external brz-cp-color8\" data-brz-link-type=\"external\" rel=\"noopener\">milosbet giri\u015f<\/a><\/p>\n<\/div>\n<\/div>\n<\/div>\n<\/div>\n<\/div>\n<\/div>\n<\/div>\n<div class=\"brz-columns brz-css-nuwuv brz-css-alurd\" data-custom-id=\"rmylycyklqyqyuytznhttryvvfwchqubicgo\">\n<div class=\"brz-bg overflow-hidden absolute top-0 left-0 w-full h-full\"><\/div>\n<div class=\"brz-column__items brz-css-eyefw\">\n<div class=\"brz-css-uuanb brz-css-tgylu brz-wrapper\">\n<div class=\"brz-spacer brz-css-shbcy\"><\/div>\n<\/div>\n<\/div>\n<\/div>\n<div class=\"brz-columns brz-css-nuwuv brz-css-lkuzn\" data-custom-id=\"jqyleaccxctsanjbxswqdoyinbxedmicxfkg\">\n<div class=\"brz-bg overflow-hidden absolute top-0 left-0 w-full h-full\"><\/div>\n<div class=\"brz-column__items brz-css-eyefw\">\n<div class=\"brz-css-uuanb brz-wrapper\">\n<div class=\"brz-icon-text brz-css-nyyln\" data-custom-id=\"wlioxjaejuxrhrkckvathctudfbbmruilees\">\n<div id class=\"brz-icon__container\" data-custom-id=\"fdaeaylzvlsvlomnnyrprkwnpspvisrvzkny\"><span class=\"brz-icon brz-span brz-css-wvaie brz-css-xnxio\">     <\/span><\/div>\n<div class=\"brz-text-btn\">\n<div class=\"brz-rich-text brz-rich-text__custom brz-css-oeiar\" data-custom-id=\"dddtpvcvixhtzwmkiahhyboqcirghxncibie\">\n<div>\n<h4 data-generated-css=\"brz-css-kexsj\" data-uniq-id=\"cxflt\" class=\"brz-css-utzkl\"><strong class=\"brz-cp-color2\">Bizi takip edin<\/strong><\/h4>\n<h4 class=\"brz-css-cntpu\" data-generated-css=\"brz-css-onsit\" data-uniq-id=\"uhczw\"><\/h4>\n<p class=\"brz-css-sczyx\" data-generated-css=\"brz-css-xlsbx\" data-uniq-id=\"edbfo\"><\/p>\n<\/div>\n<\/div>\n<\/div>\n<\/div>\n<\/div>\n<div class=\"brz-row__container brz-css-fvnmp\" data-custom-id=\"sxzsnlqdcpmliapwmnoypruufyovvnbcncqr\">\n<div class=\"brz-bg overflow-hidden absolute top-0 left-0 w-full h-full\"><\/div>\n<div class=\"brz-row brz-row--inner brz-css-xlplu\">\n<div class=\"brz-columns brz-css-nuwuv brz-css-viuxm\" data-custom-id=\"rkflghlkxelearpcmbygmpyzecqmkgthlshr\">\n<div class=\"brz-bg overflow-hidden absolute top-0 left-0 w-full h-full\"><\/div>\n<div class=\"brz-column__items brz-css-eyefw\">\n<div class=\"brz-wrapper-clone brz-css-cluxv brz-css-dyzlv\">\n<div class=\"brz-d-xs-flex brz-flex-xs-wrap brz-css-zclwc brz-css-qqtsw\">\n<div class=\"brz-wrapper-clone__item brz-css-cpgki\" id=\"iamgdcqltfbprehobcryvjyeuhiwkhbuegtl\">\n<div id class=\"brz-icon__container\" data-custom-id=\"iamgdcqltfbprehobcryvjyeuhiwkhbuegtl\"><a class=\"brz-a\" href=\"https:\/\/www.instagram.com\/biggirisim\/\" target=\"_blank\" rel=\"noopener\" data-brz-link-type=\"external\" id><span class=\"brz-icon brz-span brz-css-wvaie brz-css-paqrz\">  <\/span><\/a><\/div>\n<\/div>\n<\/div>\n<\/div>\n<\/div>\n<p><a class=\"brz-a brz-container-link\" href=\"https:\/\/www.instagram.com\/biggirisim\/\" target=\"_blank\" rel=\"noopener\" data-brz-link-type=\"external\" id><\/a><\/div>\n<div class=\"brz-columns brz-css-nuwuv brz-css-ebapw\" data-custom-id=\"qtwalewbmfjnkfkodxavkfokdjppwlwznmrz\">\n<div class=\"brz-bg overflow-hidden absolute top-0 left-0 w-full h-full\"><\/div>\n<div class=\"brz-column__items brz-css-eyefw\">\n<div class=\"brz-wrapper-clone brz-css-cluxv brz-css-oziur\">\n<div class=\"brz-d-xs-flex brz-flex-xs-wrap brz-css-zclwc\">\n<div class=\"brz-wrapper-clone__item brz-css-cpgki\" id=\"ulocdrkddezbhelphomwkrbjibfszgfruwat\">\n<div id class=\"brz-icon__container\" data-custom-id=\"ulocdrkddezbhelphomwkrbjibfszgfruwat\"><a class=\"brz-a\" href=\"https:\/\/www.youtube.com\/@ktuttm9524\/videos\" target=\"_blank\" rel=\"noopener\" data-brz-link-type=\"external\" id><span class=\"brz-icon brz-span brz-css-wvaie brz-css-yjowo\"><\/span><\/a><\/div>\n<\/div>\n<\/div>\n<\/div>\n<\/div>\n<\/div>\n<div class=\"brz-columns brz-css-nuwuv brz-css-ocbmx\" data-custom-id=\"sfxujxwtgehobumckueqiznjmvdbwclpsdve\">\n<div class=\"brz-bg overflow-hidden absolute top-0 left-0 w-full h-full\"><\/div>\n<div class=\"brz-column__items brz-css-eyefw\">\n<div class=\"brz-wrapper-clone brz-css-cluxv brz-css-nmece\">\n<div class=\"brz-d-xs-flex brz-flex-xs-wrap brz-css-zclwc\">\n<div class=\"brz-wrapper-clone__item brz-css-cpgki\" id=\"tylmdysvcyququtrdmfxvmznloonnndzodnp\">\n<div id class=\"brz-icon__container\" data-custom-id=\"tylmdysvcyququtrdmfxvmznloonnndzodnp\"><a class=\"brz-a\" href=\"https:\/\/www.linkedin.com\/in\/kt%C3%BC-ttm-6a215410a\/\" target=\"_blank\" rel=\"noopener\" data-brz-link-type=\"external\" id><span class=\"brz-icon brz-span brz-css-wvaie brz-css-lfyls\"><\/span><\/a><\/div>\n<\/div>\n<\/div>\n<\/div>\n<\/div>\n<\/div>\n<div class=\"brz-columns brz-css-nuwuv brz-css-oswaa\" data-custom-id=\"lsoeogdlptmzxwqyjzzixnslpjdzerykmzlv\">\n<div class=\"brz-bg overflow-hidden absolute top-0 left-0 w-full h-full\"><\/div>\n<div class=\"brz-column__items brz-css-eyefw\">\n<div class=\"brz-wrapper-clone brz-css-cluxv brz-css-mfvfz\">\n<div class=\"brz-d-xs-flex brz-flex-xs-wrap brz-css-zclwc\">\n<div class=\"brz-wrapper-clone__item brz-css-cpgki\" id=\"acfofdfeqcrsvscwatienshasfmemeqbktww\">\n<div id class=\"brz-icon__container\" data-custom-id=\"acfofdfeqcrsvscwatienshasfmemeqbktww\"><a class=\"brz-a\" href=\"https:\/\/www.ktu.edu.tr\/tto\" target=\"_blank\" rel=\"noopener\" data-brz-link-type=\"external\" id><span class=\"brz-icon brz-span brz-css-wvaie brz-css-gqcal\"><\/span><\/a><\/div>\n<\/div>\n<\/div>\n<\/div>\n<\/div>\n<\/div>\n<\/div>\n<\/div>\n<\/div>\n<\/div>\n<\/div>\n<\/div>\n<\/div>\n<\/div>\n<\/section>\n<\/div>\n<p><!-- version:1772732350 --><\/p>\n","protected":false},"excerpt":{"rendered":"<p>KTU TTM Ba\u015fvuru Klavuzu B\u0130GG Uygulay\u0131c\u0131 Kurulu\u015fu Learn How To Do It \u015eimdi Ba\u015fvur Bize ula\u015f\u0131n bigg@ktu.edu.tr Adres Karadeniz Teknik [&hellip;]<\/p>\n","protected":false},"author":1,"featured_media":0,"parent":0,"menu_order":0,"comment_status":"closed","ping_status":"closed","template":"brizy-blank-template.php","meta":{"site-sidebar-layout":"default","site-content-layout":"","ast-site-content-layout":"","site-content-style":"default","site-sidebar-style":"default","ast-global-header-display":"","ast-banner-title-visibility":"","ast-main-header-display":"","ast-hfb-above-header-display":"","ast-hfb-below-header-display":"","ast-hfb-mobile-header-display":"","site-post-title":"","ast-breadcrumbs-content":"","ast-featured-img":"","footer-sml-layout":"","theme-transparent-header-meta":"","adv-header-id-meta":"","stick-header-meta":"","header-above-stick-meta":"","header-main-stick-meta":"","header-below-stick-meta":"","astra-migrate-meta-layouts":"default","ast-page-background-enabled":"default","ast-page-background-meta":{"desktop":{"background-color":"var(--ast-global-color-4)","background-image":"","background-repeat":"repeat","background-position":"center center","background-size":"auto","background-attachment":"scroll","background-type":"","background-media":"","overlay-type":"","overlay-color":"","overlay-gradient":""},"tablet":{"background-color":"","background-image":"","background-repeat":"repeat","background-position":"center center","background-size":"auto","background-attachment":"scroll","background-type":"","background-media":"","overlay-type":"","overlay-color":"","overlay-gradient":""},"mobile":{"background-color":"","background-image":"","background-repeat":"repeat","background-position":"center center","background-size":"auto","background-attachment":"scroll","background-type":"","background-media":"","overlay-type":"","overlay-color":"","overlay-gradient":""}},"ast-content-background-meta":{"desktop":{"background-color":"var(--ast-global-color-5)","background-image":"","background-repeat":"repeat","background-position":"center center","background-size":"auto","background-attachment":"scroll","background-type":"","background-media":"","overlay-type":"","overlay-color":"","overlay-gradient":""},"tablet":{"background-color":"var(--ast-global-color-5)","background-image":"","background-repeat":"repeat","background-position":"center center","background-size":"auto","background-attachment":"scroll","background-type":"","background-media":"","overlay-type":"","overlay-color":"","overlay-gradient":""},"mobile":{"background-color":"var(--ast-global-color-5)","background-image":"","background-repeat":"repeat","background-position":"center center","background-size":"auto","background-attachment":"scroll","background-type":"","background-media":"","overlay-type":"","overlay-color":"","overlay-gradient":""}}},"_links":{"self":[{"href":"https:\/\/bigg.ktu.edu.tr\/index.php?rest_route=\/wp\/v2\/pages\/2746"}],"collection":[{"href":"https:\/\/bigg.ktu.edu.tr\/index.php?rest_route=\/wp\/v2\/pages"}],"about":[{"href":"https:\/\/bigg.ktu.edu.tr\/index.php?rest_route=\/wp\/v2\/types\/page"}],"author":[{"embeddable":true,"href":"https:\/\/bigg.ktu.edu.tr\/index.php?rest_route=\/wp\/v2\/users\/1"}],"replies":[{"embeddable":true,"href":"https:\/\/bigg.ktu.edu.tr\/index.php?rest_route=%2Fwp%2Fv2%2Fcomments&post=2746"}],"version-history":[{"count":2,"href":"https:\/\/bigg.ktu.edu.tr\/index.php?rest_route=\/wp\/v2\/pages\/2746\/revisions"}],"predecessor-version":[{"id":2753,"href":"https:\/\/bigg.ktu.edu.tr\/index.php?rest_route=\/wp\/v2\/pages\/2746\/revisions\/2753"}],"wp:attachment":[{"href":"https:\/\/bigg.ktu.edu.tr\/index.php?rest_route=%2Fwp%2Fv2%2Fmedia&parent=2746"}],"curies":[{"name":"wp","href":"https:\/\/api.w.org\/{rel}","templated":true}]}}